d thousands digit of 8055602?
0
What is the hundred thousands digit of 26024138?
0
What is the hundreds digit of 226105?
1
What is the millions digit of 12025624?
2
What is the thousands digit of 2424366?
4
What is the thousands digit of 3508582?
8
What is the units digit of 627721?
1
What is the hundred thousands digit of 3253022?
2
What is the tens digit of 65831?
3
What is the hundred thousands digit of 374299?
3
What is the thousands digit of 14628053?
8
What is the tens digit of 237774?
7
What is the millions digit of 5838136?
5
What is the units digit of 40879?
9
What is the hundred thousands digit of 26468107?
4
What is the ten thousands digit of 11228732?
2
What is the tens digit of 48945?
4
What is the hundred thousands digit of 11320482?
3
What is the hundred thousands digit of 25116060?
1
What is the hundreds digit of 893160?
1
What is the hundreds digit of 667409?
4
What is the hundred thousands digit of 10729404?
7
What is the thousands digit of 1854923?
4
What is the tens digit of 7516827?
2
What is the thousands digit of 93225?
3
What is the units digit of 1544089?
9
What is the hundreds digit of 15147203?
2
What is the thousands digit of 35794680?
4
What is the units digit of 164490?
0
What is the tens digit of 968433?
3
What is the millions digit of 7258258?
7
What is the thousands digit of 251673?
1
What is the millions digit of 2214147?
2
What is the millions digit of 24148713?
4
What is the tens digit of 547332?
3
What is the millions digit of 2070840?
2
What is the hundred thousands digit of 135168?
1
What is the hundred thousands digit of 761846?
7
What is the thousands digit of 10864291?
4
What is the millions digit of 1307911?
1
What is the millions digit of 28628470?
8
What is the ten thousands digit of 1433231?
3
What is the hundred thousands digit of 192290?
1
What is the millions digit of 1455397?
1
What is the thousands digit of 36626?
6
What is the tens digit of 1473696?
9
What is the hundreds digit of 4048138?
1
What is the units digit of 62478?
8
What is the hundreds digit of 7006?
0
What is the hundreds digit of 28841?
8
What is the tens digit of 671342?
4
What is the thousands digit of 29541378?
1
What is the thousands digit of 423643?
3
What is the ten millions digit of 14552710?
1
What is the ten thousands digit of 1299540?
9
What is the hundred thousands digit of 656356?
6
What is the hundreds digit of 16794669?
6
What is the hundreds digit of 232523?
5
What is the thousands digit of 1785663?
5
What is the hundreds digit of 1175343?
3
What is the hundreds digit of 5243972?
9
What is the hundred thousands digit of 1923250?
9
What is the thousands digit of 199567?
9
What is the tens digit of 33997277?
7
What is the units digit of 11116048?
8
What is the tens digit of 250131?
3
What is the units digit of 310805?
5
What is the units digit of 6618932?
2
What is the hundreds digit of 133008?
0
What is the millions digit of 14213490?
4
What is the ten thousands digit of 172506?
7
What is the ten thousands digit of 499776?
9
What is the tens digit of 61383?
8
What is the hundred thousands digit of 3292777?
2
What is the tens digit of 800771?
7
What is the hundreds digit of 3224273?
2
What is the hundred thousands digit of 2316166?
3
What is the millions digit of 7237685?
7
What is the thousands digit of 17361?
7
What is the tens digit of 60060?
6
What is the millions digit of 12777480?
2
What is the millions digit of 1749621?
1
What is the tens digit of 435739?
3
What is the thousands digit of 5353353?
3
What is the units digit of 440785?
5
What is the units digit of 2237919?
9
What is the hundreds digit of 3910005?
0
What is the hundred thousands digit of 11190081?
1
What is the ten thousands digit of 18520377?
2
What is the ten thousands digit of 4782695?
8
What is the hundreds digit of 5640456?
4
What is the millions digit of 4826815?
4
What is the ten thousands digit of 18331594?
3
What is the thousands digit of 180383?
0
What is the hundred thousands digit of 190537?
1
What is the ten thousands digit of 296882?
9
What is the thousands digit of 1501377?
1
What is the hundred thousands digit of 839857?
8
What is the hundreds digit of 1884510?
5
What is the units digit of 1924721?
1
What is the thousands digit of 1651775?
1
What is the hundred thousands digit of 322271?
3
What is the tens digit of 7973404?
0
What is the hundred thousands digit of 1121871?
1
What is the ten thousands digit of 607676?
0
What is the hundreds digit of 43929?
9
What is the tens digit of 4680685?
8
What is the hundreds digit of 23399003?
0
What is the tens digit of 356448?
4
What is the hundreds digit of 3523352?
3
What is the thousands digit of 1937582?
7
What is the units digit of 8005?
5
What is the ten thousands digit of 1953262?
5
What is the tens digit of 597501?
0
What is the hundreds digit of 394511?
5
What is the tens digit of 330777?
7
What is the tens digit of 227241?
4
What is the tens digit of 551425?
2
What is the hundred thousands digit of 113518?
1
What is the tens digit of 856345?
4
What is the tens digit of 317327?
2
What is the hundreds digit of 198467?
4
What is the hundreds digit of 489254?
2
What is the thousands digit of 999010?
9
What is the thousands digit of 396232?
6
What is the hundreds digit of 30091?
0
What is the ten thousands digit of 37438098?
3
What is the ten thousands digit of 150054?
5
What is the millions digit of 6399119?
6
What is the hundreds digit of 6136548?
5
What is the hundreds digit of 2687664?
6
What is the tens digit of 10892284?
8
What is the hundreds digit of 4223425?
4
What is the hundred thousands digit of 5733970?
7
What is the tens digit of 34776?
7
What is the hundreds digit of 87596?
5
What is the hundred thousands digit of 218344?
2
What is the thousands digit of 132228?
2
What is the units digit of 220931?
1
What is the tens digit of 443297?
9
What is the ten thousands digit of 2179644?
7
What is the ten thousands digit of 2570566?
7
What is the millions digit of 34304962?
4
What is the thousands digit of 39567?
9
What is the tens digit of 4133830?
3
What is the units digit of 3194307?
7
What is the millions digit of 1067338?
1
What is the thousands digit of 1547841?
7
What is the tens digit of 4979672?
7
What is the units digit of 19513134?
4
What is the units digit of 625894?
4
What is the ten thousands digit of 554146?
5
What is the hundred thousands digit of 1163039?
1
What is the ten thousands digit of 1122564?
2
What is the tens digit of 27014?
1
What is the millions digit of 1344266?
1
What is the hundred thousands digit of 625559?
6
What is the units digit of 746833?
3
What is the units digit of 187155?
5
What is the thousands digit of 1692?
1
What is the hundred thousands digit of 781221?
7
What is the ten millions digit of 23933960?
2
What is the units digit of 205503?
3
What is the hundred thousands digit of 6074660?
0
What is the ten thousands digit of 20984124?
8
What is the hundred thousands digit of 20595800?
5
What is the ten thousands digit of 2006247?
0
What is the thousands digit of 1863208?
3
What is the units digit of 924411?
1
What is the tens digit of 13210718?
1
What is the ten thousands digit of 377244?
7
What is the tens digit of 19054034?
3
What is the hundreds digit of 124866?
8
What is the units digit of 170468?
8
What is the hundreds digit of 175312?
3
What is the units digit of 5556377?
7
What is the ten thousands digit of 387972?
8
What is the ten thousands digit of 364212?
6
What is the hundred thousands digit of 2359288?
3
What is the tens digit of 3301903?
0
What is the ten thousands digit of 863971?
6
What is the units digit of 223128?
8
What is the hundred thousands digit of 208136?
2
What is the ten thousands digit of 33021?
3
What is the hundred thousands digit of 281956?
2
What is the ten thousands digit of 2732873?
3
What is the units digit of 232155?
5
What is the thousands digit of 133031?
3
What is the tens digit of 762364?
6
What is the units digit of 3781507?
7
What is the units digit of 417140?
0
What is the thousands digit of 410613?
0
What is the hundred thousands digit of 28039937?
0
What is the hundreds digit of 402275?
2
What is the units digit of 2291462?
2
What is the ten millions digit of 20473863?
2
What is the ten mi